{"id":20070,"date":"2022-05-02T00:38:07","date_gmt":"2022-05-02T00:38:07","guid":{"rendered":"https:\/\/expwebsite.wpengine.com\/a-propos-de-nous\/diversity-equity-and-inclusion\/"},"modified":"2026-03-10T16:21:46","modified_gmt":"2026-03-10T16:21:46","slug":"equite-diversite-et-inclusion","status":"publish","type":"page","link":"https:\/\/www.exp.com\/fr\/a-propos-de-nous\/equite-diversite-et-inclusion\/","title":{"rendered":"\u00c9quit\u00e9, diversit\u00e9 + inclusion"},"content":{"rendered":"","protected":false},"excerpt":{"rendered":"","protected":false},"author":1,"featured_media":23333,"parent":20018,"menu_order":0,"comment_status":"closed","ping_status":"closed","template":"","meta":{"_acf_changed":false,"footnotes":""},"class_list":["post-20070","page","type-page","status-publish","has-post-thumbnail","hentry"],"acf":[],"_links":{"self":[{"href":"https:\/\/www.exp.com\/fr\/wp-json\/wp\/v2\/pages\/20070","targetHints":{"allow":["GET"]}}],"collection":[{"href":"https:\/\/www.exp.com\/fr\/wp-json\/wp\/v2\/pages"}],"about":[{"href":"https:\/\/www.exp.com\/fr\/wp-json\/wp\/v2\/types\/page"}],"author":[{"embeddable":true,"href":"https:\/\/www.exp.com\/fr\/wp-json\/wp\/v2\/users\/1"}],"replies":[{"embeddable":true,"href":"https:\/\/www.exp.com\/fr\/wp-json\/wp\/v2\/comments?post=20070"}],"version-history":[{"count":3,"href":"https:\/\/www.exp.com\/fr\/wp-json\/wp\/v2\/pages\/20070\/revisions"}],"predecessor-version":[{"id":43299,"href":"https:\/\/www.exp.com\/fr\/wp-json\/wp\/v2\/pages\/20070\/revisions\/43299"}],"up":[{"embeddable":true,"href":"https:\/\/www.exp.com\/fr\/wp-json\/wp\/v2\/pages\/20018"}],"wp:featuredmedia":[{"embeddable":true,"href":"https:\/\/www.exp.com\/fr\/wp-json\/wp\/v2\/media\/23333"}],"wp:attachment":[{"href":"https:\/\/www.exp.com\/fr\/wp-json\/wp\/v2\/media?parent=20070"}],"curies":[{"name":"wp","href":"https:\/\/api.w.org\/{rel}","templated":true}]}}

Équité, diversité + inclusion
